se d = -2*j + 1818, -4*j - 16*d = -19*d - 3636. List the prime factors of j.
3, 101
Suppose -4*z + 126 = -7*z. Let d be z*((-28)/12 - -1). What are the prime factors of d/12*36/8?
3, 7
Let w be (-2 - -4) + (-9)/3. Let u = -32 + w. What are the prime factors of u/(-6)*2 + 0?
11
Let m be -4 + 3 - -1 - -2. Suppose -4*f = -g + 7, 4*g + 0 = m*f + 14. Suppose g*p - 6*p = -9. What are the prime factors of p?
3
Let k = -133 + 274. Let h = k + -78. List the prime factors of h.
3, 7
Suppose s - 2*x + 2 = 656, 5*x = -s + 626. What are the prime factors of s?
2, 17, 19
Suppose 0 = -5*n + 5*y + 855, -n + 162 = -2*y - 2*y. Let k = n + -39. List the prime factors of k.
3, 5
Let b(f) = -f**3 - 37*f**2 + 76*f + 74. List the prime factors of b(-39).
2, 19
Let z = 42 - 21. Let v be 2277/z - (-4)/7. Let p = v - 28. What are the prime factors of p?
3
Suppose 15 = -3*w, -b + 140 = -6*b + 4*w. Let o = 49 + b. List the prime factors of o.
17
Suppose 19*s = 20*s - 6. List the prime factors of ((-777)/s)/(9/(-18)).
7, 37
Let w = 2 - -1. Suppose 2*y + w*y - 150 = 0. Suppose 5*a - 105 + y = 0. List the prime factors of a.
3, 5
Suppose 2*k - 4*l - 558 = 0, 8*l - 6*l = 3*k - 845. List the prime factors of k.
283
Let v(b) = 113*b**2 + 6*b + 21. What are the prime factors of v(-6)?
3, 7, 193
What are the prime factors of (-1)/((2 - (-8864)/2956) + -5)?
739
Let d(x) = -x + 18. Let l be d(13). Suppose 0 = 3*z - 5*w - 93, -4*z + 147 = -l*w + 6*w. List the prime factors of z.
2, 3
Suppose c + 74 = 27. Let h = 71 + c. Suppose -b - h = -2*b. What are the prime factors of b?
2, 3
Let a be 38/57 - (-1)/3. Let p be -4*(-3)/(3/a). Suppose p*g = -3*v + 132, 92 - 312 = -5*v + g. List the prime factors of v.
2, 11
Let q = 25 + -17. List the prime factors of (q*(-15)/(-140))/((-2)/(-42)).
2, 3
Let r = -17 - -19. Suppose -3*d + d + 38 = -l, 0 = d - r*l - 19. What are the prime factors of d?
19
Suppose -12*d + 1726 = -2258. What are the prime factors of d?
2, 83
Suppose 7*l + l - 184 = 0. Let f = l + -2. What are the prime factors of f?
3, 7
Suppose 32*n = -2*m + 27*n + 7831, 0 = -2*m - 2*n + 7816. What are the prime factors of m?
3, 1301
Suppose 2*a - 25 = -5*i, 4*i - 26 = -5*a + 3*a. What are the prime factors of 2754/15 - (9/a - 1)?
2, 23
Let q be (-195)/(-60) - 2/8. Suppose -7*f + 260 = -q*f. What are the prime factors of f?
5, 13
Let a(n) = n**3 - n**2 - 2*n + 3. Suppose -m + i = -0*m - 1, 4*m - 11 = -3*i. Let s be a(m). Let v = s + 9. List the prime factors of v.
2, 3
Let s be 1 - (-16)/(12/3). Suppose -3*x = s*l - 19 - 15, -7 = x - 2*l. List the prime factors of x.
3
Let y be 4*(-3)/(-4) + -1 - 0. Suppose 0 = l + 5*o - 143, 4*l + y*o = -0*o + 482. What are the prime factors of l?
2, 59
List the prime factors of (-12 - -6) + 2*34.
2, 31
Suppose -4*o - 2490 = -2*c + 3680, o = 3*c - 9265. What are the prime factors of c?
3089
Suppose 41 - 29 = 3*g, 0 = 2*j + 3*g - 2158. List the prime factors of j.
29, 37
Suppose -t + 1623 - 232 = 0. List the prime factors of t.
13, 107
What are the prime factors of -1*1*(-7048)/8?
881
Let a = -267 + 371. What are the prime factors of a?
2, 13
Let a(d) = d**2 - 8*d + 13. Let w be a(8). Suppose w = 2*z - 73. What are the prime factors of z?
43
Let k = 15 - 4. Let n = k - 6. Suppose 4*g + q = 52 + 1, 0 = -n*g - q + 67. List the prime factors of g.
2, 7
List the prime factors of (5 - 3)/((-4)/(-1630)).
5, 163
What are the prime factors of 830396/282*12/14?
2, 631
Let r(u) = u - 1. Let a(p) = p**2 + 10*p - 6. Let x be a(-11). Let k be r(x). Let w = k - -21. What are the prime factors of w?
5
Suppose 0 = 38*r - 34*r - 52. What are the prime factors of 2/r - 4/((-104)/3142)?
11
List the prime factors of (-7)/238*4 - 36486/(-34).
29, 37
Let q = -8 + 12. Suppose -d + q = -0*d. List the prime factors of (d/10)/(1/75).
2, 3, 5
Let s(a) = 468*a**2 - 8*a - 6. List the prime factors of s(-1).
2, 5, 47
Suppose 0 = -s + 2*s - 7. Let b(t) = -94 + 7*t - 2*t + 104. List the prime factors of b(s).
3, 5
Suppose 39*s = 42*s - 300. List the prime factors of s.
2, 5
Let u be (-7)/(-21)*(35 + 1). Suppose -21 = -3*c - u. Suppose r = c*h - 8*h + 234, -4*h - 3*r + 196 = 0. List the prime factors of h.
2, 23
Let c = 78 + 96. List the prime factors of c.
2, 3, 29
Let o be (36/54)/((-6)/(-45)). Let y(t) = t**3 - 6*t**2 + 2*t + 8. Let b be y(6). Suppose l + 2*l = -w + 21, -b = o*l. List the prime factors of w.
3, 11
Suppose 12*y - 22 = 4766. What are the prime factors of y?
3, 7, 19
Let n(q) = 19*q**2 - q. Let r(a) = a - 10. Let u be r(13). Let y(b) = b**2 - 2*b - 4. Let i be y(u). List the prime factors of n(i).
2, 5
Let r = 600 + -180. Suppose 2*j + 4*j = r. What are the prime factors of j?
2, 5, 7
Let u(a) = a**3 - a**2 + 3*a + 892. List the prime factors of u(0).
2, 223
Let c(f) = 15*f**2 + f + 10. List the prime factors of c(3).
2, 37
Suppose -5*m = -0*m - 15. Suppose 4*v = m*v + 6. Suppose 0 = -t - 2 + v. What are the prime factors of t?
2
Let w(q) = q + 12. Let x be w(-9). Suppose 4*h = x*h + 2. Suppose 3*g + 67 = 2*a, -109 = -4*a - g + h*g. List the prime factors of a.
2, 13
Let i be ((-10)/10)/(2*(-2)/20). Let j(s) = 3*s**2 + 5*s + 8. What are the prime factors of j(i)?
2, 3
Suppose 6*t + 178 = -182. What are the prime factors of -14*6/(t/25)?
5, 7
Let o = 8 + -8. List the prime factors of (o - 1/(-3))*(-48)/(-2).
2
Suppose -5*m + 223 = -97. Suppose 0 = 4*n - 97 + 5. Suppose 0 = -2*y + r + 3 + n, -4*y = -5*r - m. List the prime factors of y.
11
Suppose 6 = -p + 1, 4*v - 5*p = 41. List the prime factors of (-3 - -38) + 1*v.
3, 13
Suppose -174*q = -173*q - 771. List the prime factors of q.
3, 257
Suppose -11 = -3*v + 3*x - 32, -3*x - 11 = 5*v. Let r = v + 8. Suppose z - r*z = -15, -77 = -3*q - 4*z. What are the prime factors of q?
19
Suppose -31550 = -125*s + 75*s. List the prime factors of s.
631
Let q(l) = 19*l - 135. What are the prime factors of q(12)?
3, 31
Let p(k) = -k**2 - 5*k + 11. Let h be p(-5). Suppose -o + h*o = 1180. List the prime factors of o.
2, 59
Let q(t) = -36*t + 41*t - t**2 + 2 - 2. Let p be q(4). Suppose -17 = p*x - 5*x. List the prime factors of x.
17
Suppose 2*k + l = 370, -4*k = -3*k - l - 188. What are the prime factors of k?
2, 3, 31
Let u = -389 + 750. What are the prime factors of u?
19
Suppose -7*l + 296 = -481. List the prime factors of l.
3, 37
Let z = 3034 - 1022. What are the prime factors of z?
2, 503
Suppose -2*b - 3901 = -7*b + 3*o, b = -o + 785. What are the prime factors of b?
2, 17, 23
Suppose 2*b - 2*w + 6 - 14 = 0, -2*b - 2*w = 0. Let k(m) = -m + 9. Let h be k(0). Suppose 103 - h = b*x. What are the prime factors of x?
47
Let m = 363 + -21. What are the prime factors of m?
2, 3, 19
Suppose -3*h + 544 + 158 = 0. Let r = h + -140. Let q = -55 + r. What are the prime factors of q?
3, 13
Suppose 2 = -3*m + 11. Suppose -3*n + m = -2*n. Suppose -2*i = n*s - 107, -116 = -3*i - 4*s + 45. List the prime factors of i.
5, 11
Let w be -3*(4/6)/(9/(-18)). Suppose -w*m = 3*f - 202, -1 = -4*f - 9. List the prime factors of m.
2, 13
Let g be 185/35 + (-6)/21. Suppose -4*m = o - 28, -83 = -g*o - m - 19. Suppose 4*f = -o, 2*p - f + 2*f - 65 = 0. List the prime factors of p.
2, 17
Suppose -9*q = -7107 - 10974. List the prime factors of q.
7, 41
Suppose -153 = 2*v - 5*s, -2*v + 2*s + 2*s - 154 = 0. Let m be 0 + 3 + (-118)/(-1). Let r = v + m. What are the prime factors of r?
2, 3, 7
Suppose -2*f + 5 = 3*f. What are the prime factors of 71 + 10/5 + f/1?
2, 37
Let v be 2/4 - 295/(-10). Suppose -348 = -2*k + v. What are the prime factors of k/14 - 2/4?
13
Let u be (-2)/(1 + 9/(-6)). Suppose g = -0*g + u. Suppose -g*k + i - 2 = -19, -20 = -4*k + 4*i. List the prime factors of k.
2
Let s = 0 - -3. Let f(g) = -18*g - 30. Let n be f(-9). Suppose -s*t + n = t. List the prime factors of t.
3, 11
Let l = 1473 + -632. List the prime factors of l.
29
Let y = -14 - -16. Suppose 0 = k - y*k + 33. List the prime factors of k.
3, 11
Let h(t) = -t**3 - 18*t**2 + 101. List the prime factors of h(-21).
2, 89
Let c(b) = 5*b**2 - 2*b - 4. Let n be 0/((2 - 3) + 2). Suppose 5*a - j + 5*j - 2 = 0, n = -4*j + 12. List the prime factors of c(a).
2, 5
Suppose 0*l - 5*a - 10 = 2*l, -3*a + 3 = 3*l. Let h(x) = 3*x - 11. List the prime factors of h(l).
2
Let z(w) = w**3 + 2*w**2 